e value of (-4 - (2 + -2) - 0) + 1?
-3
What is the value of 7 - (0 - -7 - (10 - 3))?
7
What is the value of -7 + (5 - -1) + (10 - 16)?
-7
0 + 20 + (4 - 15)
9
Calculate -1 - (-2 + 4 + -5).
2
-2 + -1 + 5 - 8
-6
2 - 3 - -2 - (-2 + 0)
3
What is the value of 4 + -9 + -1 - -2?
-4
What is the value of 1 - -1 - (9 + -10 + 1)?
2
Evaluate (0 - 6 - -7) + -5.
-4
Evaluate (-2 - 0) + 3 - -2.
3
What is -17 + 11 + (-1 - -1)?
-6
-1 - -1 - (0 - -3 - 4)
1
What is 1 + (-3 - (2 + -1)) + 7?
4
What is 6 - 0 - (-2 - -5)?
3
Evaluate 1 + -1 + (-2 + -6 - -6).
-2
Evaluate -17 + 16 + 2 + -7 + 1.
-5
(10 - 12) + 3 - 7
-6
Calculate 4 + (2 - 6) - (2 - 6).
4
Evaluate -7 + 2 + 1 - -6.
2
What is the value of -11 + 16 - (-3 + 6)?
2
Calculate (41 - 42) + -3 + 2.
-2
Calculate 0 + (-11 - (0 - (0 + 5))).
-6
Evaluate 2 - (-11 - (-6 + -10)).
-3
What is the value of -1 - -5 - (3 + -5)?
6
Evaluate (0 + -6 - (-3 + -2)) + -1.
-2
Evaluate (-1 - -6 - 11) + 2.
-4
What is 4 + (-2 + -3 - -2)?
1
Evaluate 3 + (7 - (4 - -2)).
4
0 + -1 + (2 - 1) + -6
-6
Calculate 12 + -7 - (-4 + 4 + 1).
4
Evaluate (2 - 1) + 2 + -4.
-1
What is the value of 12 - (4 + 7 + -1)?
2
-1 + (-4 - -1) + 3 + 0
-1
Evaluate 4 - (6 - 5) - 1.
2
Calculate -18 + 19 + (-4 - -1 - -1).
-1
What is the value of -2 + 4 + (-2 - 0) + 0?
0
10 + 8 + -14 + 4
8
(-21 + 34 - 12) + -3 + 0
-2
Calculate 3 - (-9 + 16 - 6).
2
Calculate 1 + (-6 - -9) + -7.
-3
Calculate -4 - (5 + -5) - (3 - 5).
-2
What is the value of 2 + (2 - -3) + -6?
1
Evaluate (12 - 7) + 0 + -1.
4
(-6 + 3 - -6 - 4) + -4
-5
-3 + -3 + (0 - -8)
2
(-5 - -1) + 13 + -13
-4
Evaluate 7 - 0 - (0 + (-2 - -5)).
4
What is -4 + 5 - (19 + -16)?
-2
What is the value of 2 + (-9 - -4 - -3 - -1)?
1
Calculate -32 + 23 - (-9 - 1).
1
-2 + 22 + -8 - 3
9
Calculate 4 + -8 - (-7 + (5 - 1)).
-1
(-28 - -15) + (-4 - -9)
-8
1 - (8 + 12 + -11)
-8
Evaluate 5 + -1 + -1 + (-10 - -3).
-4
Evaluate 1 + (-1 + 5 + 0 - 8).
-3
What is -1 + 9 - 4 - 4?
0
Calculate (-4 - -2 - (1 + -3)) + -5.
-5
What is -4 + (1 + -6 - (52 + -52))?
-9
What is the value of -11 + (2 - (3 - -5) - -11)?
-6
Calculate 4 + 6 + -14 + -3.
-7
(7 - -1) + -148 + 141
1
Evaluate 4 - (13 - 3) - (-2 + 0).
-4
What is the value of -1 - (-4 - -4) - -3?
2
What is the value of -4 - (0 + -1 + -2)?
-1
What is the value of -7 - (4 - 5) - -1?
-5
3 + -4 + (2 - 5)
-4
4 + (-3 - (-4 - -2)) + -2
1
Evaluate 3 + 7 + -3 + -2 + -10.
-5
What is the value of (17 - (-9 + 42)) + 9 + -2?
-9
Calculate (16 - 9) + -16 + 1 + 2.
-6
Evaluate (0 - 6) + 3 - (0 - 0).
-3
4 - -1 - (-3 - -3)
5
What is (-5 - -2) + 1 + -3?
-5
Evaluate 5 + -9 - (1 - 0).
-5
-1 + 2 - (33 + -32)
0
What is 6 - (-2 + -4 - -11)?
1
-23 + 16 - (-1 + 2 - 3)
-5
-1 + (0 - -3) + 2 - 3
1
What is 52 + -42 + -4 + -2?
4
Calculate (9 - (0 - -9)) + -7.
-7
What is the value of 2 - (-3 + 9 - 10) - -1?
7
Calculate (-9 - -9) + 10 - 10.
0
What is the value of -5 - (-5 + 5) - -5?
0
Evaluate 8 + (1 - 5) - (2 + 3).
-1
What is the value of 0 + 0 + -9 + -8 + 15?
-2
Calculate -6 + (3 - -9 - 5).
1
Evaluate (2 - 0 - -2) + (-1 - 1).
2
5 - (5 - (-3 - -5))
2
Evaluate 1 - 0 - (10 + -12 - -6).
-3
Evaluate 4 + -20 - -7 - -8.
-1
What is 1 + (2 - 3 - -1)?
1
What is 65 + -68 + (-2 - -2 - -1)?
-2
1 - (3 + -6) - (31 + -23)
-4
What is the value of (3 - (3 + -2) - 4) + 4?
2
Calculate (7 + -7 - (-4 - -1)) + -7.
-4
Evaluate 1 + 1 + 1 + -3 + -2.
-2
What is (-1 - 9 - -6) + 7?
3
What is -3 - 5 - -9 - -4?
5
Calculate 5 + ((-2 - 7) + 5 - -6).
7
What is 9 + -7 + 4 + 0 + -11?
-5
(10 - 5) + -2 + -7
-4
Evaluate (-1 - -7) + -9 + 6.
3
Evaluate (6 - 1) + (20 - 24).
1
Calculate -1 - (3 + 6 + -8) - 1.
-3
Evaluate 3 - ((-8 - -4 - 0) + 7).
0
What is -2 + 1 + 16 + -20?
-5
What is the value of (8 - -4) + -9 - -7?
10
-11 + 8 + (5 - 0)
2
What is -2 + 9 + (-2 - 1)?
4
What is 15 - 14 - (0 + 6)?
-5
What is -3 - 0 - ((0 - 3) + 0)?
0
Calculate -4 + 2 - (-42 + 45).
-5
Calculate 5 - 0 - (-1 - -5).
1
What is 10 - -1 - 22 - -10?
-1
0 + (-1 - -3 - 7)
-5
What is the value of -3 + 7 + 27 + -11 + -14?
6
What is -3 + -1 - (5 + -11) - 10?
-8
3 + (-9 - -5 - -5) - 3
1
What is the value of (-3 - -4) + (-3 - -1)?
-1
What is the value of -13 + (2 - -10) + 3?
2
What is the value of 9 - (-3 + 14 + -10)?
8
What is the value of -7 - (0 + -4 + 2)?
-5
What is 23 + -26 - (-1 - -2)?
-4
What is 2 - (-2 + (6 - (-1 + 1)))?
-2
1 + 3 - 2 - -2
4
Calculate -8 - (1 + -20) - 7.
4
2 - 1 - (-9 - -9)
1
1 + 0 + (6 + -3 - 2)
2
(5 - 3) + (-5 - (-4 + 2))
-1
Calculate (5 - 2 - 6) + (-2 - -3).
-2
-5 + (-9 - -1 - -4) + 11
2
What is the value of 2 - (-2 - 1) - (30 - 22)?
-3
Calculate -2 - -12 - (-93 + 102).
1
Evaluate 95 - 104 - (-9 + 0).
0
What is -1 - -2 - (-4 - (4 - 5))?
4
What is -2 - (-3 + -1) - -3?
5
-2 + 11 + 1 + -10
0
15 + (0 - 11) - -4
8
2 + -8 + (0 - -4)
-2
Calculate (-6 - -19) + (-10 - -2).
5
5 + -6 + 13 + -9
3
Calculate 1 + (2 - (-1 + 2 + 3)).
-1
Calculate (6 - 12) + 5 - (1 - -3).
-5
-1 + (0 - (0 + -3))
2
What is (25 - 28) + (2 - 2)?
-3
What is 2 - 0 - ((9 - -1) + -5)?
-3
What is -14 + 17 - (-3 + 0)?
6
What is 3 + 2 + 10 + -7?
8
What is the value of (11 - 2 - 0) + 1 + -2?
8
Calculate -4 + -2 + 7 - -1.
2
Evaluate (37 - 42) + (1 - -7) + -1.
2
-9 + -1 + 6 + (2 - 4)
-6
Calculate -2 - (3 + -2 + 0 + -1).
-2
Calculate (2 - 3) + 0 + 7 + -2.
4
(36 - 30) + (1 - (0 + 1))
6
What is the value of -6 + (-10 - -8) + 3?
-5
Calculate -6 + 2 - (-5 + -3).
4
Evaluate 24 + -20 - (-2 + 8).
-2
Evaluate (-6 - (2 + -4)) + 1.
-3
What is (-3 - (-8 + 6)) + 7?
6
What is the value of -1 + (-5 - (2 + -6 - -1))?
-3
What is the value of -2 - (-2 - (0 - -2 - 1))?
1
29 - 23 - (-1 - -2)
5
What is 9 + (1 - (-8 + 20))?
-2
What is (-1 - 5) + -6 + 11 + -2?
-3
What is the value of 0 + -10 + -9 + 12?
-7
Calculate (-33 - -39) + (-13 - -1).
-6
Evaluate 4 - (-3 + 3) - (1 + -4).
7
What is the value of -7 + (4 - 0 - 0)?
-3
What is the value of (5 - (1 + -1 + 1)) + -8?
-4
What is the value of -1 + (0 - (2 + -7))?
4
13 + (-10 - (-8 + 16))
-5
(1 - 1) + (0 - (-7 + 5))
2
Evaluate (-1 - 3) + 3 - (5 - 2).
-4
What is the value of 1 + 1 - ((1 - -6) + -5)?
0
Evaluate (-4 + 7 - 12) + 1.
-8
Calculate -1 + 0 - (2 + 1).
-4
What is (8 - 3 - -2 - 2) + -8?
-3
(5 - (5 + -1)) + 3 + -7
-3
4 + (0 - 11) + 3 + 0
-4
Calculate 5 - (-4 - (-2 - 2)).
5
Calculate 3 + (4 - 3) + -4.
0
Calculate (-3 + (4 - -6) - 5) + -11.
-9
What is (0 - -3) + (-2 - 15) - -6?
-8
What is -2 + -4 + 3 - -8?
5
What is the value of 0 + -5 + 3 - (-10 - -2)?
6
Calculate (-10 - -7) + -4 + (-1 - -3).
-5
What is the value of 8 + (3 - 6) + -4 + -1?
0
1 - (-3 - (1 - (3 + 0)))
2
11 - ((5 - -2) + 6)
-2
What is 0 - (3 + -12 + 4)?
5
-1 - (-6 - 2 - -5) - -2
4
Calculate (-13 - -9) + -7 - -7.
-4
(0 - 7) + (29 - 27)
-5
Calculate -5 - 1 - -13 - (-4 + 16).
-5
What is -3 + (0 - 5) - -9?
1
Evaluate (6 + -1 - -2) + 15 + -16.
6
-23 - -14 - (0 + 5 + -3)
-11
(-7 - 2 - -2) + 10
3
What is the value of 0 - (0 - (12 - 8))?
4
Calculate -1 + -2 + (0 - 0) + 1.
-2
Evaluate (0 - (6 - 6)) + -5.
-5
(-7 - (-4 + 0)) + 1
-2
What is -10 - (8 - 5 - 8)?
-5
6 - (9 + -1 - -3)
-5
Evaluate -7 + (8 - 12) - -9.
-2
What is the value of -3 - (-7 - -4 - -1)?
-1
What is the value of -4 + (-3 - 2) + 6?
-3
What is the value of (22 - 20) + 0 + -1?
1
21 + -22 + -6 + 2
-5
What is 22 + -2 - (39 + -28)?
9
Evaluate 0 + 9 + (1 - 3).
7
Evaluate 2 - (1 - ((-2 - -2) + -3)).
-2
What is the value of -5 + 2 + -5 - -14?
6
Evaluate 0 + 3 + -4 - -7.
6
What is -1 - (-12 + 7) - 5?
-1
What is -1 + 7 + (-4 - 1) + 2?
3
Evaluate -1 + 7 + (2 - 13).
-5
What is (10 + -3 - 5) + -1?
1
Calculate (-1 - 8) + 2 + 7.
0
Calculate 4 + -17 + 18 - 0.
5
Calculate 3 + -8 - (-4 + -1).
0
Evaluate -3 - 7 - -5 - -6.
1
What is -3 + 3 + -20 + 12 + 12?
4
Evaluate 0 + (-3 - (4 + (-1 - 3))).
-3
What is the value of -7 + 2 + (-7 - (7 + -19))?
0
What is the value of (-1 - (10 + -3)) + 3?
-5
Calculate -5 - (-7 + (3 - 3)).
2
-3 + 2 + (-3 - (0 + -3))
-1
Calculate 3 + -4 + 2 + -4.
-3
-50 - -59 - (7 - -2)
0
Evaluate (-4 - (-3 - (4 - 2))) + 7.
8
Evaluate 5 - 1 - (-5 - -5).
4
14 - (0 + 7) - 6
1
What is the value of -1 + (-22 - -12) + (7 - 1)?
-5
What is the value of 1 - ((10 - 2) + (19 - 18))?
-8
What is the value of 2 + -1 + 2 + -6 - -6?
3
Evaluate 1 + 3 - (-18 - -41 - 23).
4
Evaluate (-2 + -2 + 2 - -3) + -1.
0
Calculate 3 + (-5 - (4 - 1)) - -8.
3
-5 + -2 + -2 + 3
-6
What is the value of 5 + (-4 - 8) + 2?
-5
Eval